{"id":1563,"date":"2024-05-31T21:46:51","date_gmt":"2024-05-31T21:46:51","guid":{"rendered":"https:\/\/source.votematch.eu\/wybory-do-parlamentu-europejskiego\/"},"modified":"2024-05-31T21:46:52","modified_gmt":"2024-05-31T21:46:52","slug":"wybory-do-parlamentu-europejskiego","status":"publish","type":"page","link":"https:\/\/source.votematch.eu\/pl\/wybory-do-parlamentu-europejskiego\/","title":{"rendered":"Wybory do Parlamentu Europejskiego"},"content":{"rendered":"\n<h2 class=\"wp-block-heading\">Na co g\u0142osujemy w wyborach europejskich?<\/h2>\n\n<p>Podczas wybor\u00f3w europejskich obywatele wybieraj\u0105 cz\u0142onk\u00f3w Parlamentu Europejskiego (MEP). Odbywa si\u0119 to co pi\u0119\u0107 lat. Ostatnie wybory odby\u0142y si\u0119 w 2019 r., a nast\u0119pne odb\u0119d\u0105 si\u0119 w tym roku, pomi\u0119dzy 6 a 9 czerwca 2024 r. Obywatele g\u0142osuj\u0105 na polityk\u00f3w lub partie polityczne, kt\u00f3re b\u0119d\u0105 ich reprezentowa\u0107 w Parlamencie Europejskim. Wyborcy g\u0142osuj\u0105 na partie konkuruj\u0105ce ze sob\u0105 w ich kraju, nie mog\u0105 g\u0142osowa\u0107 na partie w innych krajach europejskich ani na list\u0119 europejsk\u0105. Ka\u017cdy kraj ma okre\u015blon\u0105 liczb\u0119 miejsc w Parlamencie Europejskim.<\/p>\n\n<h2 class=\"wp-block-heading\">Czym zajmuje si\u0119 Parlament Europejski?<\/h2>\n\n<p>Parlament Europejski to jedna z najwa\u017cniejszych instytucji Unii Europejskiej. Wraz z Komisj\u0105 Europejsk\u0105 i Rad\u0105 Unii Europejskiej jest odpowiedzialny za stanowienie prawa, kt\u00f3re ma zastosowanie do ca\u0142ej Unii Europejskiej. Ponadto Parlament Europejski wybiera przewodnicz\u0105cego Komisji, zatwierdza bud\u017cet europejski wraz z Rad\u0105 Europejsk\u0105 i ma kilka innych zada\u0144. <\/p>\n\n<h2 class=\"wp-block-heading\">Jak zorganizowany jest Parlament Europejski?<\/h2>\n\n<p>Parlament Europejski sk\u0142ada si\u0119 z maksymalnie 750 pos\u0142\u00f3w i jednego przewodnicz\u0105cego. Liczba ta jest ustalana przed wyborami i wynosi 720 cz\u0142onk\u00f3w w kolejnej kadencji parlamentu. Wszyscy cz\u0142onkowie zostan\u0105 wybrani podczas wybor\u00f3w w czerwcu. Ka\u017cde pa\u0144stwo cz\u0142onkowskie otrzymuje okre\u015blon\u0105 liczb\u0119 miejsc w oparciu o liczb\u0119 ludno\u015bci. Pa\u0144stwa cz\u0142onkowskie maj\u0105 co najmniej 6 i maksymalnie 96 miejsc w Parlamencie Europejskim. Pos\u0142owie do Parlamentu Europejskiego (MEP) tworz\u0105 grupy polityczne w Parlamencie w oparciu o wsp\u00f3lne ideologie polityczne, a nie narodowo\u015b\u0107. Ka\u017cda grupa polityczna obejmuje zatem pos\u0142\u00f3w do PE z r\u00f3\u017cnych pa\u0144stw cz\u0142onkowskich o podobnych stanowiskach politycznych.<\/p>\n\n<h2 class=\"wp-block-heading\">Czym s\u0105 partie europejskie?<\/h2>\n\n<p>Obywatele nie mog\u0105 g\u0142osowa\u0107 bezpo\u015brednio na partie europejskie, ale one istniej\u0105. Wi\u0119kszo\u015b\u0107 partii krajowych jest powi\u0105zana z jedn\u0105 z dziesi\u0119ciu europejskich partii politycznych. Partie te zasadniczo odpowiadaj\u0105 grupom politycznym w Parlamencie Europejskim, ale nie do ko\u0144ca. Na przyk\u0142ad Europejska Partia Zielonych i Wolny Sojusz Europejski to dwie odr\u0119bne partie, ale tworz\u0105 one jedn\u0105 grup\u0119 w Parlamencie. Partie europejskie staj\u0105 si\u0119 coraz wa\u017cniejsze w koordynacji mi\u0119dzy poziomem krajowym i europejskim, mi\u0119dzy instytucjami UE i mi\u0119dzy ich pos\u0142ami do PE. Dzi\u0119ki partiom europejskim stanowiska polityczne pos\u0142\u00f3w do PE s\u0105 zbie\u017cne, co zwi\u0119ksza ich sprawczo\u015b\u0107.<\/p>\n","protected":false},"excerpt":{"rendered":"<p>Na co g\u0142osujemy w wyborach europejskich? Podczas wybor\u00f3w europejskich obywatele wybieraj\u0105 cz\u0142onk\u00f3w Parlamentu Europejskiego (MEP). Odbywa si\u0119 to co pi\u0119\u0107 lat. Ostatnie wybory odby\u0142y si\u0119 w 2019 r., a nast\u0119pne odb\u0119d\u0105 si\u0119 w tym roku, pomi\u0119dzy 6 a 9 czerwca 2024 r. Obywatele g\u0142osuj\u0105 na polityk\u00f3w lub partie polityczne, kt\u00f3re b\u0119d\u0105 ich reprezentowa\u0107 w Parlamencie [&hellip;]<\/p>\n","protected":false},"author":3,"featured_media":0,"parent":0,"menu_order":0,"comment_status":"closed","ping_status":"closed","template":"templates\/about.php","meta":{"_acf_changed":false,"footnotes":""},"class_list":["post-1563","page","type-page","status-publish","hentry"],"acf":[],"_links":{"self":[{"href":"https:\/\/source.votematch.eu\/pl\/wp-json\/wp\/v2\/pages\/1563","targetHints":{"allow":["GET"]}}],"collection":[{"href":"https:\/\/source.votematch.eu\/pl\/wp-json\/wp\/v2\/pages"}],"about":[{"href":"https:\/\/source.votematch.eu\/pl\/wp-json\/wp\/v2\/types\/page"}],"author":[{"embeddable":true,"href":"https:\/\/source.votematch.eu\/pl\/wp-json\/wp\/v2\/users\/3"}],"replies":[{"embeddable":true,"href":"https:\/\/source.votematch.eu\/pl\/wp-json\/wp\/v2\/comments?post=1563"}],"version-history":[{"count":1,"href":"https:\/\/source.votematch.eu\/pl\/wp-json\/wp\/v2\/pages\/1563\/revisions"}],"predecessor-version":[{"id":1564,"href":"https:\/\/source.votematch.eu\/pl\/wp-json\/wp\/v2\/pages\/1563\/revisions\/1564"}],"wp:attachment":[{"href":"https:\/\/source.votematch.eu\/pl\/wp-json\/wp\/v2\/media?parent=1563"}],"curies":[{"name":"wp","href":"https:\/\/api.w.org\/{rel}","templated":true}]}}

<h2 class="wp-block-heading">Na co głosujemy w wyborach europejskich?</h2>

<p>Podczas wyborów europejskich obywatele wybierają członków Parlamentu Europejskiego (MEP). Odbywa się to co pięć lat. Ostatnie wybory odbyły się w 2019 r., a następne odbędą się w tym roku, pomiędzy 6 a 9 czerwca 2024 r. Obywatele głosują na polityków lub partie polityczne, które będą ich reprezentować w Parlamencie Europejskim. Wyborcy głosują na partie konkurujące ze sobą w ich kraju, nie mogą głosować na partie w innych krajach europejskich ani na listę europejską. Każdy kraj ma określoną liczbę miejsc w Parlamencie Europejskim.</p>

<h2 class="wp-block-heading">Czym zajmuje się Parlament Europejski?</h2>

<p>Parlament Europejski to jedna z najważniejszych instytucji Unii Europejskiej. Wraz z Komisją Europejską i Radą Unii Europejskiej jest odpowiedzialny za stanowienie prawa, które ma zastosowanie do całej Unii Europejskiej. Ponadto Parlament Europejski wybiera przewodniczącego Komisji, zatwierdza budżet europejski wraz z Radą Europejską i ma kilka innych zadań. </p>

<h2 class="wp-block-heading">Jak zorganizowany jest Parlament Europejski?</h2>

<p>Parlament Europejski składa się z maksymalnie 750 posłów i jednego przewodniczącego. Liczba ta jest ustalana przed wyborami i wynosi 720 członków w kolejnej kadencji parlamentu. Wszyscy członkowie zostaną wybrani podczas wyborów w czerwcu. Każde państwo członkowskie otrzymuje określoną liczbę miejsc w oparciu o liczbę ludności. Państwa członkowskie mają co najmniej 6 i maksymalnie 96 miejsc w Parlamencie Europejskim. Posłowie do Parlamentu Europejskiego (MEP) tworzą grupy polityczne w Parlamencie w oparciu o wspólne ideologie polityczne, a nie narodowość. Każda grupa polityczna obejmuje zatem posłów do PE z różnych państw członkowskich o podobnych stanowiskach politycznych.</p>

<h2 class="wp-block-heading">Czym są partie europejskie?</h2>

<p>Obywatele nie mogą głosować bezpośrednio na partie europejskie, ale one istnieją. Większość partii krajowych jest powiązana z jedną z dziesięciu europejskich partii politycznych. Partie te zasadniczo odpowiadają grupom politycznym w Parlamencie Europejskim, ale nie do końca. Na przykład Europejska Partia Zielonych i Wolny Sojusz Europejski to dwie odrębne partie, ale tworzą one jedną grupę w Parlamencie. Partie europejskie stają się coraz ważniejsze w koordynacji między poziomem krajowym i europejskim, między instytucjami UE i między ich posłami do PE. Dzięki partiom europejskim stanowiska polityczne posłów do PE są zbieżne, co zwiększa ich sprawczość.</p>

<p>Na co głosujemy w wyborach europejskich? Podczas wyborów europejskich obywatele wybierają członków Parlamentu Europejskiego (MEP). Odbywa się to co pięć lat. Ostatnie wybory odbyły się w 2019 r., a następne odbędą się w tym roku, pomiędzy 6 a 9 czerwca 2024 r. Obywatele głosują na polityków lub partie polityczne, które będą ich reprezentować w Parlamencie [&hellip;]</p>
